55. Suppose -2*x - t*c = -5*x + 20834, 6948 = x - 5*c. Is x composite?
True
Let u = 386 - 341. Is (5 + 31869/u)/((-4)/(-10)) a prime number?
True
Let j(t) = -3*t + 1. Let q be j(-4). Suppose -6090 = q*z - 20*z. Let y = 1457 - z. Is y prime?
True
Let b be 6 + (-3)/((-12)/16)*-1. Suppose -b*y = 0, -y - 10227 = -3*i - 0*y. Is i a prime number?
False
Suppose 5*s - 7 = 68. Let g = -14 + s. Is (g - -235)*(4 + (-75)/20) composite?
False
Suppose 4*r - m - 56044 + 6318 = 0, 3*m = 2*r - 24858. Let s = 7940 - r. Is (2 - 1)/((-22464)/s - 5) prime?
True
Let v(x) be the third derivative of x**6/60 + 2*x**5/15 - 3*x**4/8 + 4*x**3 - 161*x**2. Is v(7) prime?
True
Suppose -135*k = -127*k - 225496. Is k a composite number?
True
Let f = -524087 - -846814. Is f prime?
True
Let w = -37 - 613. Is (w - -1)/(10/5 + -3) composite?
True
Let v(u) be the first derivative of 2*u**3/3 + 29*u**2 - 42*u + 19. Is v(-31) a prime number?
False
Suppose 4656559 = 120*c - 3711401. Is c a composite number?
True
Suppose 0 = -22783*s + 22838*s - 2567785. Is s prime?
True
Let h(r) = r**2 - 5. Suppose -3*f - 21 = -12. Let w be h(f). Suppose -w*l - 9337 = -8*l - y, 4*y - 4658 = -2*l. Is l a prime number?
False
Suppose 78*x = 5*h + 82*x - 140099, -2*x = -2. Is h composite?
False
Let m = 6817 - -2222. Suppose -1320 = -9*w + m. Is w a prime number?
True
Suppose -2*n = n + 13*n. Suppose -3*w - 3*h + 2385 = n, -h - 4 = -2*h. Is w a composite number?
True
Let b(q) = -2*q - 2. Let c be b(0). Let n be -3 + 0 + (-2)/c. Is ((-179)/n)/(11/22) prime?
True
Suppose 0 = -25*x - 2*x + 15147. Let t = -254 + x. Is t prime?
True
Is (-1)/4 + (-713311)/(-2)*(-275)/(-50) prime?
False
Let o(l) = 2*l**3 - 15*l**2 - 16*l - 12. Let z = 20 - 5. Let q be o(z). Suppose 1312 + q = 5*i. Is i prime?
True
Let c(x) be the first derivative of 307*x**3/3 - x**2 + 17*x - 1. Let u = 6433 - 6427. Is c(u) composite?
False
Suppose -926631 = -3*g + 1077*m - 1080*m, 0 = 4*g - 3*m - 1235480. Is g a prime number?
False
Let l be ((-240)/(-84))/(2/7). Suppose 21*u - l*u = 140723. Is u prime?
False
Let v be 7308252/(-210) - (-9)/(-5). Is -4 + (-13)/(117/v) a prime number?
True
Let o = -138 + 179. Let k = -33 + o. Is -11602*4/(-56) + k/28 a prime number?
True
Suppose -77 = -7*f + 469. Suppose -66*v = -f*v + 133788. Is v a composite number?
False
Let x(u) = 1959*u - 1048. Is x(29) prime?
True
Suppose -3*u + d = 6*d - 2264, -4*d + 16 = 0. Let m = 1407 - u. Suppose 0 = -c + 618 + m. Is c prime?
True
Let u(q) be the second derivative of -q**5/20 - q**4/6 - 8*q**3 - q**2/2 - q + 21. Is u(-18) a prime number?
True
Suppose 0*h - 48 = -12*h. Suppose 5*f = q - 711 - 1425, h*q - 8639 = f. Is q composite?
False
Let m(r) = r**2 - 5*r + 7. Let q be m(4). Suppose q*k - 60115 = -14626. Is k prime?
False
Suppose 7*w + 2889 = 9*w - 5*k, k = 1. Suppose 7893 + w = f + 3*o, 4*f + 4*o - 37384 = 0. Is f a prime number?
True
Let l(a) = -19*a + 4. Let f be l(2). Let k = 38 + f. Suppose 4*q = 3*o + 2669, -5*q + k*o = -985 - 2350. Is q composite?
True
Let i = 576 + -564. Is (-1 - (-8395)/2) + 6/i a composite number?
True
Suppose -24*c - 13306 = -22*c. Let q = -3268 - c. Is q a composite number?
True
Is 5 - (-17)/((-153)/(-2672748)) a composite number?
True
Let m be (-24)/18*210/(-4). Let s = 72 - m. Suppose 2*j = 5*o - 4385, s*j - 1754 = o - 3*o. Is o a composite number?
False
Let x(s) be the first derivative of s**4/4 - 19*s**3/3 - 16*s**2 + s - 2. Is x(27) prime?
True
Let n be ((-3)/(-5))/(6/90) + -4. Suppose 0 = -h - n*k + 2216 + 5102, 0 = -h + 3*k + 7326. Is h a prime number?
False
Suppose 4*q - 3*t - 177650 = 0, q - 44399 = -10*t + 13*t. Is q a composite number?
False
Suppose -8*m - 3*m + 231 = 0. Suppose -18*l - 34158 = -m*l. Is l composite?
True
Let v(h) = 959*h - 2. Let i be v(1). Let a = i + 2876. Is a a prime number?
True
Let k = 9 - 14. Let h(x) = -18*x**2 - 20*x + 27. Let c(m) = 9*m**2 + 10*m - 13. Let i(t) = k*c(t) - 3*h(t). Is i(5) a composite number?
True
Let i = 4959 - -4132. Is i a composite number?
False
Is (-139125)/(-3) + (7 + 3 - 7) prime?
False
Let c(z) = 2*z - 16. Let x be c(9). Suppose 0 = 6*h - x*h - 20. Suppose h*i - 7889 = -2*w - 567, 5*w - 5*i - 18305 = 0. Is w prime?
False
Suppose 9*r - 39792 = -x + 397865, -4*r + 4*x = -194532. Is r a prime number?
False
Let u(t) = 2*t**3 - 15*t**2 - 17*t - 35. Suppose 571 = 30*d + 61. Is u(d) prime?
True
Is (59354808/333)/(40/45) composite?
True
Suppose 7 + 2 = 3*o. Let v = -83 - -87. Suppose -5*a + 1449 + 4138 = v*q, 3*q + o*a = 4188. Is q a composite number?
True
Suppose 5*j = -5*c + 27525, -3*c = -j + 1547 + 3942. Is j a composite number?
False
Let n(r) = -213*r**3 - r**2 + 13*r + 41. Let b be n(-4). Is (-1 + 0)/((60/b)/(-4)) composite?
False
Let q(i) = 41*i**2 + 98*i - 362. Is q(-35) composite?
True
Suppose 3*l + 22260 = 4*r, 4*l = 4*r - 34906 + 12646. Let z be 16/6*r/5. Suppose 842 + z = 10*w. Is w a composite number?
True
Suppose 8*v - v = 14. Suppose 5*i + 2962 = v*w, -5*w + 3504 = i - 3901. Is w prime?
True
Let g(f) = 688*f**3 - f**2 + 2*f. Let p = -45 + 48. Let n(h) = -h**2 + 5*h - 5. Let m be n(p). Is g(m) a prime number?
False
Suppose -t + 5 = -o, 2 = -3*o + 8. Is 3*((-6671)/(-3))/t*1 a composite number?
False
Let x = -10023 + 11477. Is x a prime number?
False
Let f be 0/3 + 21/(-7 - -14). Let k(n) = 706*n**2 + 10*n - 35. Is k(f) prime?
False
Let h = 281729 - 163426. Is h composite?
True
Let s be -15 - 2/6*(-7 + 7). Let a(n) = -2*n**3 + n**2 + 20*n - 2. Is a(s) a prime number?
True
Let y be (-28)/(-6)*(-27)/2. Let f = -59 - y. Let m(q) = 10*q**3 - 2*q**2 - 9*q - 1. Is m(f) a composite number?
False
Let r(h) = -46*h**3 + 7*h**2 - 152*h + 22. Is r(-13) a prime number?
True
Let q be (13*(-1)/2)/((-1)/2). Let n(k) = 83*k - 20. Let t be n(q). Let l = 1622 - t. Is l prime?
True
Suppose -2*b + 3*b = 3. Let g(p) = 51*p - 47*p - p**b + 19 + 14*p**2 + 2*p**3. Is g(-12) prime?
False
Let y be (10 - (15 - 6))*2. Let q(a) = -37*a**2 + 9*a - 7. Let i(g) = -38*g**2 + 10*g - 8. Let x(b) = 6*i(b) - 7*q(b). Is x(y) composite?
True
Let a(t) = 54*t**2 + 39*t + 143. Suppose 0 = 4*b + 3*m - 5 + 6, 5*m - 25 = 0. Is a(b) composite?
True
Suppose -2*l - 178 = -4*o, -7*l + 2*l - o - 500 = 0. Let m = 27 - 67. Let u = m - l. Is u a prime number?
True
Let c be 0/(-4 + (-2 - -5)). Suppose -2*a + c = 16. Is 2/3*(-6)/a*254 prime?
True
Let x be 2/(-4 + 1236/306). Let k(h) = 82*h - 133. Is k(x) prime?
True
Suppose 1587*f - 39960 = 1591*f. Let d = f + 40439. Is d a composite number?
False
Let w(h) = -2*h**3 - 2*h**2 + 2*h - 25067. Let g(q) = 5*q**3 + 5*q**2 - 3*q + 50134. Let x(m) = -3*g(m) - 7*w(m). Is x(0) prime?
False
Suppose -5*u + 8 - 1 = q, 0 = -q - 2*u + 4. Let w(y) = 4*y**q - 31*y**2 + 21 - 8*y + y**3 - 19. Is w(28) prime?
False
Let z(c) = 581*c**3 - 6*c**2 + 8*c - 3. Let s be z(3). Let b be s/(-15) + -3 - 6/15. Let p = b - -2096. Is p a prime number?
True
Let a(m) = -7*m - m + 8*m - 8*m + 23 + 4 + 102*m**2. Is a(-6) prime?
False
Suppose -2*k - 2*k = -164. Let b be 891 - -3*(-11 - -12). Suppose 5*r - b = k. Is r prime?
False
Let t be 2 + -4 - (-3 + 8 + -1). Is ((-28)/t)/((-66)/(-12573)) a composite number?
True
Suppose 16*m - 3 = 29. Suppose -21*d + 17*d + 17694 = -2*n, m*d - 3*n - 8857 = 0. Is d composite?
False
Let o = 3660 + 7026. Suppose 4*m + 2*b - o = 3*b, 4*b + 8 = 0. Is m composite?
False
Let r be 24/14*-15 + 4/(-14). Let c = r - -21. Is (3/c - -1)*(1286 - 1) composite?
True
Suppose 0 = 985*x - 989*x + 146684. Is x a prime number?
True
Let y(c) = -27*c + 80. Let b be y(12). Is (-10)/(-2) + 5/((-10)/b) a prime number?
True
Suppose 30 = 3*x + 3*p, 0*x + x = -3*p + 10. Suppose x*y = -8*y + 41778. Is y a prime number?
False
Let r(g) = -1403*g. Let f be r(-1). Let j be (-1)/2*(0/(-2) - -1244). Let z = j + f. Is z prime?
False
Let b(h) = h + 22. Let x be b(-8). Suppose -5*j + v + x = 0, 4*j - 3*v - 12 = -j. Let o = j - -443. Is o a prime number?
False
Suppose -3*k = -3*h + 24861, 0*k + 3 = -k. Let d = h - 3749. Is d a composite number?
True
Let g = -33846 - -590769. Is g composite?
True
Suppose -3*v - 63 = 141. Let h = -66 - v. Suppose -2017 = -h*k + k. Is k prime?
True
Let q be 261 - 8/((-12)/(-3)). Suppose q = p - 136. Suppose 2*d - 7*d = -p. Is d a prime number?
True
Let m(t) = 427*t + 3. Suppose a - 22 =